g, 2*l + 3*g - 22 = 0. Calculate the highest common divisor of d and l.
14
Let m be (32/(-6))/((-6)/(-63)). Let k = -30 - m. Suppose 0 = -4*q - 3*w + 89, -k = 2*q + w - 69. Calculate the highest common divisor of q and 220.
20
Let s = 15 - -27. Suppose 19*o - 7 = 18*o. Calculate the greatest common factor of s and o.
7
Let c be 10/15 + (-40)/(-3). Suppose -3 + 15 = 3*t. Suppose -3*i + 34 = 4*s, t*i + 22 = -5*s + 65. Calculate the highest common factor of c and s.
7
Let y be (-3)/4*(-32 - -4). Calculate the greatest common factor of 21 and y.
21
Let o be 14/6 - (-10)/15. Suppose 0 = 6*y - o*y - 324. What is the greatest common divisor of 12 and y?
12
Suppose -12 = -m + 3. Calculate the highest common factor of m and 165.
15
Let u = -136 - -234. Suppose -4*a - 84 = -10*a. Calculate the greatest common factor of a and u.
14
Let u be (-87)/(-6) + (-6)/4. Suppose -2 + 14 = 3*l. Suppose l*r - 59 - 149 = 0. Calculate the greatest common divisor of r and u.
13
Suppose 0 = -4*y + 58 + 102. Let x be 2*3*400/24. Calculate the greatest common divisor of y and x.
20
Let h(o) = -o**3 + 15*o**2 + 19*o - 22. Let u be h(16). What is the highest common divisor of 39 and u?
13
Suppose -3*h + 101 = -5*z, 2*h + 5*z - 34 = -0*z. Let l(d) = -4*d - 2. Let a be l(-5). What is the highest common divisor of a and h?
9
Let r(g) = -g - 16. Let z be r(-16). Suppose -2*b + 49 + 27 = z. What is the greatest common factor of 57 and b?
19
Let k be (-2)/(-2) - -51 - 2. Let l be (-2 - k/(-4))*2. Calculate the highest common factor of l and 63.
21
Let q be 2 + (-2 - -5)*1. Let x = -8 - -17. Let z be 2/x - (-258)/54. What is the highest common divisor of z and q?
5
Suppose 17*p + 660 = 20*p. Calculate the greatest common factor of p and 44.
44
Suppose 0*i - 30 = -5*i. Suppose 0 = -2*x + w + 4*w + 37, -3*x = 4*w - 21. Suppose -o = 7 - x. What is the greatest common factor of o and i?
2
Suppose r = -2*w + 25 - 5, 2*r = -5*w + 50. What is the highest common factor of 5 and w?
5
Let z be 5 + 10 + -1 + 2. What is the highest common divisor of 4 and z?
4
Let m = 18 + -4. Suppose -10*j + 70 = -9*j. Calculate the highest common divisor of j and m.
14
Let a(k) = 21*k**2 - 1. Suppose 15 = -4*p - 9. Let b be (-4)/(-6)*(-9)/p. Let s be a(b). What is the greatest common divisor of 5 and s?
5
Suppose 5*w - 24 = 2*c, -c = -2*c - 2. Suppose 6 = 2*x + 2. Suppose x*m = -0*m + 32. Calculate the greatest common factor of m and w.
4
Let h = -150 - -192. Calculate the highest common divisor of h and 6.
6
Suppose 0 = 3*t + 3*z - 576, -3*t - 68 = z - 644. What is the highest common factor of t and 24?
24
Let r = 58 - 23. Suppose 0 = l + x + 4 - 11, -x + 2 = 0. Calculate the highest common divisor of l and r.
5
Let t = 99 - 69. Suppose 26 + t = 2*l. What is the highest common divisor of 4 and l?
4
Suppose 0 = -2*d + 4*w, 5*w - 3 + 2 = 2*d. Suppose -d*f + 4 = 2*f. Let k be ((-3)/6)/(f/(-8)). Calculate the greatest common divisor of 6 and k.
2
Let j(l) = 4*l**2 - 11*l - 11. Let q be j(4). Let t = 161 - 95. Let g = 138 - t. Calculate the highest common divisor of g and q.
9
Let k = 15 - 17. Let s be 9/3 - (-1 + k). Calculate the greatest common factor of s and 4.
2
Let q(k) = 20*k**2 + 3*k - 1. Let p be q(-3). Calculate the highest common factor of p and 34.
34
Let m be ((-4)/(-3))/(2/6). Let l be 1 - m - 5/(-1). Calculate the greatest common factor of 6 and l.
2
Let s = -7 + 10. Calculate the highest common divisor of s and 9.
3
Let l = 41 + 69. Let b = -46 - -90. What is the highest common factor of l and b?
22
Let u be (-1)/(-3) + 86/(-6). Let j = u + 44. Suppose -2*h = 6, 0 = -3*b + h - 9 + 30. Calculate the greatest common divisor of b and j.
6
Let o = 5 + 0. Let k(x) = -2*x**2 + 7*x. Let q be k(5). Let u = q + 25. Calculate the highest common factor of u and o.
5
Suppose -34 = -g - 2*v, 0*v + 5*v - 97 = -3*g. Suppose 0 = -z - z + 5*d + 100, 0 = 2*z - 2*d - 112. Calculate the highest common factor of z and g.
12
Let m = 236 + -1034. Let v be (-1)/(-4) + m/(-8). Calculate the highest common factor of 20 and v.
20
Suppose -4*j = 2*w - 168, 0*j - j - 238 = -3*w. Let m = 8 - 4. Suppose m*h + 16 = 0, 5*a + h = 3*h + 88. What is the greatest common divisor of w and a?
16
Let f = -26 + 44. Calculate the highest common divisor of 144 and f.
18
Let p(h) = h**2 - 11*h. Let d(k) = -k**2 + 10*k. Let i(b) = 6*d(b) + 5*p(b). Let g be i(3). Calculate the highest common factor of g and 54.
6
Let h = -8 + 8. Suppose 46 = y + 5*p, -200 = -5*y - p + 6*p. Suppose h = -3*o - y + 137. Calculate the highest common factor of o and 4.
4
Suppose -89 - 13 = -6*a. Calculate the highest common factor of a and 17.
17
Let j be 8/3 + (-4)/6. Let i = 2 + j. Calculate the highest common factor of i and 20.
4
Let b(p) = 2*p + 72. Let w be b(0). Calculate the highest common divisor of 48 and w.
24
Let l(y) = y**3 - 7*y**2 + 15*y - 1. Let a be l(3). Let f = -16 - -56. What is the highest common factor of a and f?
8
Suppose -2*j - 2*j + 60 = 0. Let p be ((-1218)/(-35))/(2/j). What is the greatest common divisor of 29 and p?
29
Let u be 1*-1 + 18 + -2. Suppose 2*a + h + 0*h = u, 5*h = 2*a - 33. Let l(r) = r**2 - 6*r - 10. Let i be l(8). What is the greatest common divisor of a and i?
3
Let n = 1 + 9. Let z(x) = -14*x - 3. Let m be z(-2). Calculate the greatest common divisor of n and m.
5
Let p(d) = 2*d**2 - 3*d - 7. Let t be p(7). Suppose 4*l + 0*l - 40 = 0. Calculate the highest common factor of l and t.
10
Suppose 0 = a + 2*y - 17, y - 15 - 25 = -4*a. Suppose o - 31 = 32. What is the greatest common factor of o and a?
9
Suppose 0 = 4*x - 193 - 35. Calculate the greatest common divisor of x and 57.
57
Suppose 0 = -2*k + 94 - 16. Suppose 13*t = 15*t - 26. Calculate the greatest common divisor of k and t.
13
Suppose -2*d + 63 = -77. Suppose 12*t - 8*t = 56. What is the greatest common divisor of t and d?
14
Let n = -6 + 16. Let z(p) = -11*p - 18. Let t be z(-8). Calculate the greatest common divisor of t and n.
10
Suppose 0 = -3*t - 15, 0 = 3*b - t - 2 - 6. Calculate the highest common factor of 1 and b.
1
Let y be 2754/(-15) - (-4)/(-10). Let i = -63 - y. Suppose 55 = 5*d - 0*d. What is the greatest common divisor of i and d?
11
Let l be (-1)/(-3*2/(-30)). Let u be l*(-4)/(-8)*-2. Calculate the greatest common factor of 25 and u.
5
Suppose -4 = -3*y + 5. Suppose 2*v = -2*x + 408, 3*x - v = y*v + 647. Calculate the highest common divisor of 19 and x.
19
Suppose -3*p - 25 = -2*a, -4*a + 4*p + 14 = -42. Calculate the greatest common factor of a and 85.
17
Let y be -1*35 + 0 + -3. Let a = y - -146. Calculate the highest common factor of a and 12.
12
Let w = 58 + -35. Calculate the greatest common divisor of 23 and w.
23
Suppose 3*v - 858 + 291 = 0. Calculate the greatest common factor of v and 27.
27
Let n(f) = 9*f - f**3 + 7*f**2 + 13 - 13. Suppose -3*t + t = -16. Let d be n(t). What is the highest common factor of 64 and d?
8
Let m be 6/((1/(-12))/((-4)/8)). Calculate the greatest common factor of m and 9.
9
Let v be 0 - ((-1 - 2) + -27). What is the highest common divisor of 45 and v?
15
Let r = -87 + 137. Calculate the greatest common factor of 20 and r.
10
Suppose -8*w - 30 = -11*w. Suppose 2*a + 16 = 6*a. What is the greatest common factor of a and w?
2
Suppose 4*a = -2*d + 4, -3 = 4*a - 5*d + 7. Suppose a = -5*c + 1 + 99. Calculate the highest common divisor of c and 5.
5
Suppose -5*u + 75 = -0*u. Let m(y) = -y**3 + 12*y**2 - y - 5. Let k be m(5). What is the greatest common divisor of u and k?
15
Suppose -2*n + 30 = 3*n. Suppose -u = -0 - n. Let j(m) = m**2 + m + 18. Let h be j(0). What is the greatest common factor of h and u?
6
Suppose -5*k = -207 + 27. Let h(m) = -2*m + 9. Let l be h(0). What is the highest common factor of k and l?
9
Suppose -5*d + 3 = 2*p - 14, 3*p = 5*d - 37. Let r be (-3 + -12)*p/6. Let k = -4 + 9. What is the greatest common divisor of k and r?
5
Suppose 3*f - 52 = -2*p, -f + 74 = 3*f - 2*p. What is the highest common divisor of 6 and f?
6
Let i be 75/(-6)*(-12)/10. Calculate the greatest common factor of i and 5.
5
Let p(z) = z**2 - z. Let a = 8 - 6. Let i be p(a). Suppose 0 = -i*s - s + 108. What is the highest common factor of 24 and s?
12
Suppose -4*y - 5*t - 33 = -0*y, -y - 22 = 4*t. Let g be y/9 + (-1